{"id":34,"date":"2023-02-28T22:25:59","date_gmt":"2023-02-28T21:25:59","guid":{"rendered":"https:\/\/qactus-2023.upc.edu\/?page_id=34"},"modified":"2023-08-31T10:07:20","modified_gmt":"2023-08-31T09:07:20","slug":"organizers","status":"publish","type":"page","link":"https:\/\/qactus-2023.upc.edu\/index.php\/organizers\/","title":{"rendered":"Organizers"},"content":{"rendered":"\n<div class=\"wp-block-media-text alignwide is-stacked-on-mobile\" style=\"grid-template-columns:20% auto\"><figure class=\"wp-block-media-text__media\"><img loading=\"lazy\" decoding=\"async\" width=\"222\" height=\"300\" src=\"https:\/\/qactus-2023.upc.edu\/wp-content\/uploads\/2023\/02\/Astrakharchik-222x300.jpg\" alt=\"\" class=\"wp-image-43 size-medium\" srcset=\"https:\/\/qactus-2023.upc.edu\/wp-content\/uploads\/2023\/02\/Astrakharchik-222x300.jpg 222w, https:\/\/qactus-2023.upc.edu\/wp-content\/uploads\/2023\/02\/Astrakharchik.jpg 285w\" sizes=\"auto, (max-width: 222px) 100vw, 222px\" \/><\/figure><div class=\"wp-block-media-text__content\">\n<p><strong>Grigory Astrakharchik<\/strong> &#8211; <em>Universitat Polit\u00e8cnica de Catalunya<\/em>, Spain<\/p>\n<\/div><\/div>\n\n\n\n<hr class=\"wp-block-separator has-alpha-channel-opacity\"\/>\n\n\n\n<div class=\"wp-block-media-text alignwide is-stacked-on-mobile\" style=\"grid-template-columns:20% auto\"><figure class=\"wp-block-media-text__media\"><img loading=\"lazy\" decoding=\"async\" width=\"725\" height=\"743\" src=\"https:\/\/qactus-2023.upc.edu\/wp-content\/uploads\/2023\/02\/Massignan.png\" alt=\"\" class=\"wp-image-44 size-full\" srcset=\"https:\/\/qactus-2023.upc.edu\/wp-content\/uploads\/2023\/02\/Massignan.png 725w, https:\/\/qactus-2023.upc.edu\/wp-content\/uploads\/2023\/02\/Massignan-293x300.png 293w\" sizes=\"auto, (max-width: 725px) 100vw, 725px\" \/><\/figure><div class=\"wp-block-media-text__content\">\n<p><strong>Pietro Massignan <\/strong>&#8211; <em>Universitat Polit\u00e8cnica de Catalunya<\/em>, Spain<\/p>\n<\/div><\/div>\n\n\n\n<hr class=\"wp-block-separator has-alpha-channel-opacity\"\/>\n\n\n\n<div class=\"wp-block-media-text alignwide is-stacked-on-mobile\" style=\"grid-template-columns:20% auto\"><figure class=\"wp-block-media-text__media\"><img loading=\"lazy\" decoding=\"async\" width=\"768\" height=\"1024\" src=\"https:\/\/qactus-2023.upc.edu\/wp-content\/uploads\/2023\/02\/Richaud-768x1024.jpg\" alt=\"\" class=\"wp-image-45 size-full\" srcset=\"https:\/\/qactus-2023.upc.edu\/wp-content\/uploads\/2023\/02\/Richaud-768x1024.jpg 768w, https:\/\/qactus-2023.upc.edu\/wp-content\/uploads\/2023\/02\/Richaud-225x300.jpg 225w, https:\/\/qactus-2023.upc.edu\/wp-content\/uploads\/2023\/02\/Richaud-1152x1536.jpg 1152w, https:\/\/qactus-2023.upc.edu\/wp-content\/uploads\/2023\/02\/Richaud-1536x2048.jpg 1536w, https:\/\/qactus-2023.upc.edu\/wp-content\/uploads\/2023\/02\/Richaud-scaled.jpg 1920w\" sizes=\"auto, (max-width: 768px) 100vw, 768px\" \/><\/figure><div class=\"wp-block-media-text__content\">\n<p><strong>Andrea Richaud <\/strong>&#8211; <em>Universitat Polit\u00e8cnica de Catalunya<\/em>, Spain<\/p>\n<\/div><\/div>\n\n\n\n<hr class=\"wp-block-separator has-alpha-channel-opacity\"\/>\n\n\n\n<div class=\"wp-block-media-text alignwide is-stacked-on-mobile\" style=\"grid-template-columns:20% auto\"><figure class=\"wp-block-media-text__media\"><img loading=\"lazy\" decoding=\"async\" width=\"344\" height=\"340\" src=\"https:\/\/qactus-2023.upc.edu\/wp-content\/uploads\/2023\/02\/Rizzi.jpg\" alt=\"\" class=\"wp-image-46 size-full\" srcset=\"https:\/\/qactus-2023.upc.edu\/wp-content\/uploads\/2023\/02\/Rizzi.jpg 344w, https:\/\/qactus-2023.upc.edu\/wp-content\/uploads\/2023\/02\/Rizzi-300x297.jpg 300w\" sizes=\"auto, (max-width: 344px) 100vw, 344px\" \/><\/figure><div class=\"wp-block-media-text__content\">\n<p><strong>Matteo Rizzi <\/strong>&#8211; <em>Universit\u00e4t zu K\u00f6ln<\/em>, Germany<\/p>\n<\/div><\/div>\n\n\n\n<hr class=\"wp-block-separator has-alpha-channel-opacity\"\/>\n\n\n\n<div class=\"wp-block-media-text alignwide is-stacked-on-mobile\" style=\"grid-template-columns:20% auto\"><figure class=\"wp-block-media-text__media\"><img loading=\"lazy\" decoding=\"async\" width=\"369\" height=\"368\" src=\"https:\/\/qactus-2023.upc.edu\/wp-content\/uploads\/2023\/03\/francesco-scazza.jpg\" alt=\"\" class=\"wp-image-143 size-full\" srcset=\"https:\/\/qactus-2023.upc.edu\/wp-content\/uploads\/2023\/03\/francesco-scazza.jpg 369w, https:\/\/qactus-2023.upc.edu\/wp-content\/uploads\/2023\/03\/francesco-scazza-300x300.jpg 300w, https:\/\/qactus-2023.upc.edu\/wp-content\/uploads\/2023\/03\/francesco-scazza-150x150.jpg 150w\" sizes=\"auto, (max-width: 369px) 100vw, 369px\" \/><\/figure><div class=\"wp-block-media-text__content\">\n<p><strong>Francesco Scazza<\/strong> &#8211; <em>Universit\u00e0 di Trieste<\/em>, Italy<\/p>\n<\/div><\/div>\n\n\n\n<hr class=\"wp-block-separator has-alpha-channel-opacity\"\/>\n\n\n\n<div class=\"wp-block-media-text alignwide is-stacked-on-mobile\" style=\"grid-template-columns:20% auto\"><figure class=\"wp-block-media-text__media\"><img loading=\"lazy\" decoding=\"async\" width=\"888\" height=\"681\" src=\"https:\/\/qactus-2023.upc.edu\/wp-content\/uploads\/2023\/08\/Screenshot-2023-08-31-alle-11.06.45.png\" alt=\"\" class=\"wp-image-395 size-full\" srcset=\"https:\/\/qactus-2023.upc.edu\/wp-content\/uploads\/2023\/08\/Screenshot-2023-08-31-alle-11.06.45.png 888w, https:\/\/qactus-2023.upc.edu\/wp-content\/uploads\/2023\/08\/Screenshot-2023-08-31-alle-11.06.45-300x230.png 300w, https:\/\/qactus-2023.upc.edu\/wp-content\/uploads\/2023\/08\/Screenshot-2023-08-31-alle-11.06.45-768x589.png 768w, https:\/\/qactus-2023.upc.edu\/wp-content\/uploads\/2023\/08\/Screenshot-2023-08-31-alle-11.06.45-110x83.png 110w\" sizes=\"auto, (max-width: 888px) 100vw, 888px\" \/><\/figure><div class=\"wp-block-media-text__content\">\n<p>Catalan Physical Society of the Institute of Catalan Studies<\/p>\n<\/div><\/div>\n","protected":false},"excerpt":{"rendered":"<p>Grigory Astrakharchik &#8211; Universitat Polit\u00e8cnica de Catalunya, Spain Pietro Massignan &#8211; Universitat Polit\u00e8cnica de Catalunya, Spain Andrea Richaud &#8211; Universitat Polit\u00e8cnica de Catalunya, Spain Matteo Rizzi &#8211; Universit\u00e4t zu K\u00f6ln, Germany Francesco Scazza &#8211; Universit\u00e0 di Trieste, Italy Catalan Physical Society of the Institute of Catalan Studies<\/p>\n","protected":false},"author":1,"featured_media":0,"parent":0,"menu_order":0,"comment_status":"closed","ping_status":"closed","template":"","meta":{"footnotes":""},"class_list":["post-34","page","type-page","status-publish","hentry"],"_links":{"self":[{"href":"https:\/\/qactus-2023.upc.edu\/index.php\/wp-json\/wp\/v2\/pages\/34","targetHints":{"allow":["GET"]}}],"collection":[{"href":"https:\/\/qactus-2023.upc.edu\/index.php\/wp-json\/wp\/v2\/pages"}],"about":[{"href":"https:\/\/qactus-2023.upc.edu\/index.php\/wp-json\/wp\/v2\/types\/page"}],"author":[{"embeddable":true,"href":"https:\/\/qactus-2023.upc.edu\/index.php\/wp-json\/wp\/v2\/users\/1"}],"replies":[{"embeddable":true,"href":"https:\/\/qactus-2023.upc.edu\/index.php\/wp-json\/wp\/v2\/comments?post=34"}],"version-history":[{"count":15,"href":"https:\/\/qactus-2023.upc.edu\/index.php\/wp-json\/wp\/v2\/pages\/34\/revisions"}],"predecessor-version":[{"id":396,"href":"https:\/\/qactus-2023.upc.edu\/index.php\/wp-json\/wp\/v2\/pages\/34\/revisions\/396"}],"wp:attachment":[{"href":"https:\/\/qactus-2023.upc.edu\/index.php\/wp-json\/wp\/v2\/media?parent=34"}],"curies":[{"name":"wp","href":"https:\/\/api.w.org\/{rel}","templated":true}]}}