{"id":159,"date":"2023-03-28T00:57:27","date_gmt":"2023-03-27T23:57:27","guid":{"rendered":"https:\/\/qactus-2023.upc.edu\/?page_id=159"},"modified":"2023-09-18T14:49:40","modified_gmt":"2023-09-18T13:49:40","slug":"invited-speakers","status":"publish","type":"page","link":"https:\/\/qactus-2023.upc.edu\/index.php\/invited-speakers\/","title":{"rendered":"Invited speakers"},"content":{"rendered":"\n<ul class=\"wp-block-list\">\n<li><s>Vanderlei Bagnato<\/s> Lucas Madeira [Universidade de S\u00e3o Paulo]<\/li>\n\n\n\n<li>Carlo Barenghi [Newcastle University]<\/li>\n\n\n\n<li>Natalia Berloff [University of Cambridge]<\/li>\n\n\n\n<li>Jean-Philippe Brantut [\u00c9cole Polytechnique F\u00e9d\u00e9rale de Lausanne]<\/li>\n\n\n\n<li>Georg Bruun [Aarhus University]<\/li>\n\n\n\n<li>Lauriane Chomaz [Heidelberg University]<\/li>\n\n\n\n<li>Matthew Davis [The University of Queensland]<\/li>\n\n\n\n<li>Thomas Gasenzer [Kirchhoff-Institut f\u00fcr Physik, Heidelberg]<\/li>\n\n\n\n<li>Thierry Giamarchi [University of Geneva]<\/li>\n\n\n\n<li>Tobias Holder [Weizmann Institute of Science]<\/li>\n\n\n\n<li>Selim Jochim [Heidelberg University]<\/li>\n\n\n\n<li>Bruno Juli\u00e1-D\u00edaz [Universitat de Barcelona]<\/li>\n\n\n\n<li>Giacomo Lamporesi [Pitaevskii BEC Center, CNR-INO, Trento, Italy]<\/li>\n\n\n\n<li>Julian L\u00e9onard [TU Wien]<\/li>\n\n\n\n<li>Jesper Levinsen [Monash University]<\/li>\n\n\n\n<li>Jere M\u00e4kinen [Aalto University]<\/li>\n\n\n\n<li>Anna Minguzzi [CNRS, Grenoble]<\/li>\n\n\n\n<li>Sergey Nazarenko [Institut de Physique de Nice]<\/li>\n\n\n\n<li>Giacomo Roati [CNR-INO and LENS, Firenze]<\/li>\n\n\n\n<li>\u202aJulian Schmitt [University of Bonn]<\/li>\n\n\n\n<li>P\u00e4ivi T\u00f6rm\u00e4 [Aalto University]<\/li>\n<\/ul>\n","protected":false},"excerpt":{"rendered":"","protected":false},"author":1,"featured_media":0,"parent":0,"menu_order":0,"comment_status":"closed","ping_status":"closed","template":"","meta":{"footnotes":""},"class_list":["post-159","page","type-page","status-publish","hentry"],"_links":{"self":[{"href":"https:\/\/qactus-2023.upc.edu\/index.php\/wp-json\/wp\/v2\/pages\/159","targetHints":{"allow":["GET"]}}],"collection":[{"href":"https:\/\/qactus-2023.upc.edu\/index.php\/wp-json\/wp\/v2\/pages"}],"about":[{"href":"https:\/\/qactus-2023.upc.edu\/index.php\/wp-json\/wp\/v2\/types\/page"}],"author":[{"embeddable":true,"href":"https:\/\/qactus-2023.upc.edu\/index.php\/wp-json\/wp\/v2\/users\/1"}],"replies":[{"embeddable":true,"href":"https:\/\/qactus-2023.upc.edu\/index.php\/wp-json\/wp\/v2\/comments?post=159"}],"version-history":[{"count":15,"href":"https:\/\/qactus-2023.upc.edu\/index.php\/wp-json\/wp\/v2\/pages\/159\/revisions"}],"predecessor-version":[{"id":465,"href":"https:\/\/qactus-2023.upc.edu\/index.php\/wp-json\/wp\/v2\/pages\/159\/revisions\/465"}],"wp:attachment":[{"href":"https:\/\/qactus-2023.upc.edu\/index.php\/wp-json\/wp\/v2\/media?parent=159"}],"curies":[{"name":"wp","href":"https:\/\/api.w.org\/{rel}","templated":true}]}}